15.
11
Calculate the remainder when 32 is divided by 22.
10
What is the remainder when 410 is divided by 108?
86
What is the remainder when 482 is divided by 163?
156
Calculate the remainder when 26771 is divided by 12.
11
What is the remainder when 69 is divided by 42?
27
Calculate the remainder when 11295 is divided by 34.
7
Calculate the remainder when 38 is divided by 35.
3
What is the remainder when 251 is divided by 81?
8
What is the remainder when 611 is divided by 82?
37
Calculate the remainder when 109 is divided by 6.
1
Calculate the remainder when 59 is divided by 14.
3
What is the remainder when 70 is divided by 6?
4
What is the remainder when 4755 is divided by 41?
40
What is the remainder when 4635 is divided by 58?
53
Calculate the remainder when 145 is divided by 131.
14
What is the remainder when 2796 is divided by 11?
2
Calculate the remainder when 354 is divided by 21.
18
What is the remainder when 492 is divided by 165?
162
What is the remainder when 863 is divided by 70?
23
Calculate the remainder when 60 is divided by 28.
4
What is the remainder when 29691 is divided by 303?
300
Calculate the remainder when 423 is divided by 33.
27
What is the remainder when 20443 is divided by 8?
3
What is the remainder when 4210 is divided by 13?
11
What is the remainder when 136 is divided by 22?
4
What is the remainder when 189 is divided by 22?
13
What is the remainder when 115 is divided by 29?
28
Calculate the remainder when 620 is divided by 26.
22
Calculate the remainder when 98 is divided by 21.
14
Calculate the remainder when 2766 is divided by 71.
68
What is the remainder when 407 is divided by 96?
23
What is the remainder when 1042 is divided by 24?
10
What is the remainder when 698 is divided by 20?
18
Calculate the remainder when 2415 is divided by 55.
50
Calculate the remainder when 4401 is divided by 36.
9
What is the remainder when 188 is divided by 16?
12
What is the remainder when 1101 is divided by 85?
81
Calculate the remainder when 438 is divided by 88.
86
Calculate the remainder when 43 is divided by 15.
13
What is the remainder when 1588 is divided by 53?
51
Calculate the remainder when 2120 is divided by 125.
120
What is the remainder when 6575 is divided by 43?
39
What is the remainder when 39 is divided by 2?
1
Calculate the remainder when 5637 is divided by 12.
9
What is the remainder when 350 is divided by 108?
26
What is the remainder when 20722 is divided by 44?
42
What is the remainder when 4661 is divided by 14?
13
Calculate the remainder when 27234 is divided by 13.
12
What is the remainder when 2308 is divided by 7?
5
What is the remainder when 13467 is divided by 14?
13
What is the remainder when 57 is divided by 50?
7
Calculate the remainder when 367 is divided by 8.
7
What is the remainder when 75721 is divided by 44?
41
Calculate the remainder when 6461 is divided by 4.
1
Calculate the remainder when 3439 is divided by 37.
35
Calculate the remainder when 22 is divided by 17.
5
Calculate the remainder when 821 is divided by 43.
4
What is the remainder when 8319 is divided by 104?
103
What is the remainder when 463 is divided by 29?
28
Calculate the remainder when 188 is divided by 89.
10
What is the remainder when 85 is divided by 44?
41
What is the remainder when 232 is divided by 13?
11
Calculate the remainder when 252 is divided by 53.
40
Calculate the remainder when 288 is divided by 58.
56
Calculate the remainder when 954 is divided by 316.
6
What is the remainder when 103 is divided by 78?
25
Calculate the remainder when 350 is divided by 20.
10
Calculate the remainder when 1208 is divided by 37.
24
Calculate the remainder when 1507 is divided by 76.
63
What is the remainder when 669 is divided by 61?
59
What is the remainder when 177 is divided by 132?
45
What is the remainder when 527 is divided by 19?
14
Calculate the remainder when 39 is divided by 31.
8
What is the remainder when 295 is divided by 137?
21
Calculate the remainder when 170 is divided by 123.
47
Calculate the remainder when 486 is divided by 234.
18
Calculate the remainder when 2627 is divided by 2603.
24
What is the remainder when 80 is divided by 75?
5
What is the remainder when 76 is divided by 73?
3
Calculate the remainder when 190 is divided by 61.
7
Calculate the remainder when 2608 is divided by 28.
4
Calculate the remainder when 239 is divided by 22.
19
Calculate the remainder when 114 is divided by 43.
28
What is the remainder when 55 is divided by 33?
22
What is the remainder when 175 is divided by 27?
13
What is the remainder when 71 is divided by 24?
23
What is the remainder when 18 is divided by 11?
7
Calculate the remainder when 6200 is divided by 1240.
0
Calculate the remainder when 158 is divided by 48.
14
Calculate the remainder when 95 is divided by 48.
47
Calculate the remainder when 80 is divided by 36.
8
What is the remainder when 366 is divided by 10?
6
What is the remainder when 2028 is divided by 2005?
23
Calculate the remainder when 475 is divided by 47.
5
What is the remainder when 11503 is divided by 195?
193
What is the remainder when 2125 is divided by 165?
145
What is the remainder when 44 is divided by 6?
2
What is the remainder when 155 is divided by 28?
15
What is the remainder when 2031 is divided by 1009?
13
Calculate the remainder when 145 is divided by 37.
34
What is the remainder when 1618 is divided by 40?
18
What is the remainder when 72 is divided by 15?
12
What is the remainder when 1092 is divided by 40?
12
What is the remainder when 10408 is divided by 248?
240
Calculate the remainder when 263 is divided by 11.
10
What is the remainder when 47 is divided by 30?
17
What is the remainder when 1556 is divided by 19?
17
What is the remainder when 6 is divided by 2?
0
What is the remainder when 70938 is divided by 321?
318
Calculate the remainder when 4124 is divided by 275.
274
Calculate the remainder when 453 is divided by 13.
11
Calculate the remainder when 377 is divided by 110.
47
Calculate the remainder when 66 is divided by 19.
9
What is the remainder when 75 is divided by 61?
14
What is the remainder when 73 is divided by 36?
1
Calculate the remainder when 37 is divided by 13.
11
What is the remainder when 44 is divided by 17?
10
Calculate the remainder when 1144 is divided by 17.
5
Calculate the remainder when 144 is divided by 31.
20
What is the remainder when 59 is divided by 13?
7
Calculate the remainder when 105 is divided by 34.
3
What is the remainder when 702 is divided by 13?
0
What is the remainder when 839 is divided by 141?
134
Calculate the remainder when 722 is divided by 66.
62
What is the remainder when 189 is divided by 20?
9
Calculate the remainder when 2230 is divided by 15.
10
What is the remainder when 625 is divided by 133?
93
What is the remainder when 7 is divided by 1?
0
What is the remainder when 41 is divided by 5?
1
Calculate the remainder when 171 is divided by 53.
12
What is the remainder when 180 is divided by 33?
15
Calculate the remainder when 92 is divided by 89.
3
Calculate the remainder when 11533 is divided by 79.
78
Calculate the remainder when 306 is divided by 77.
75
What is the remainder when 456 is divided by 440?
16
Calculate the remainder when 317 is divided by 103.
8
Calculate the remainder when 401 is divided by 67.
66
Calculate the remainder when 491 is divided by 255.
236
Calculate the remainder when 1830 is divided by 1789.
41
What is the remainder when 1477 is divided by 484?
25
Calculate the remainder when 107 is divided by 11.
8
Calculate the remainder when 6535 is divided by 8.
7
What is the remainder when 328 is divided by 114?
100
Calculate the remainder when 134 is divided by 133.
1
What is the remainder when 63 is divided by 6?
3
What is the remainder when 658 is divided by 94?
0
What is the remainder when 9791 is divided by 36?
35
Calculate the remainder when 600 is divided by 28.
12
What is the remainder when 1246 is divided by 178?
0
What is the remainder when 10 is divided by 4?
2
What is the remainder when 46 is divided by 38?
8
Calculate the remainder when 116 is divided by 49.
18
What is the remainder when 141 is divided by 48?
45
What is the remainder when 1665 is divided by 53?
22
Calculate the remainder when 